{"id":5669,"date":"2026-03-13T13:31:11","date_gmt":"2026-03-13T12:31:11","guid":{"rendered":"https:\/\/aa7.sk\/?post_type=product&#038;p=5669"},"modified":"2026-03-25T10:10:13","modified_gmt":"2026-03-25T09:10:13","slug":"hw-t360-smykom-riadeny-nakladac","status":"publish","type":"product","link":"https:\/\/aa7.sk\/de\/product\/hw-t360-smykom-riadeny-nakladac\/","title":{"rendered":"HW-T360 Kompaktlader"},"content":{"rendered":"<div style=\"margin-bottom: 10px !important;\">\n        <b style=\"font-size: 16px !important; display: block; margin-bottom: 8px !important;\">Anwendbarkeit:<\/b><\/p>\n<div style=\"margin-bottom: 10px !important;\">\n            <strong>Baustellen:<\/strong><\/p>\n<div style=\"padding-left: 20px !important;\">\n                Der kleine Kompaktlader kann sich flexibel an verschiedene betriebliche Anforderungen auf Baustellen anpassen und so die Gesamteffizienz steigern.\n            <\/div>\n<\/p><\/div>\n<div style=\"margin-bottom: 10px !important;\">\n            <strong>Landwirtschaftlicher Sektor:<\/strong><\/p>\n<div style=\"padding-left: 20px !important;\">\n                Geeignet f\u00fcr mehrere landwirtschaftliche Szenarien, einschlie\u00dflich Materialhandhabung auf Bauernh\u00f6fen und Landangleichung, was zur landwirtschaftlichen Produktivit\u00e4t beitr\u00e4gt.\n            <\/div>\n<\/p><\/div>\n<div style=\"margin-bottom: 10px !important;\">\n            <strong>Lagerung und Logistik:<\/strong><\/p>\n<div style=\"padding-left: 20px !important;\">\n                Das kompakte Design erm\u00f6glicht eine einfache Bewegung in Lagern und Logistikzentren f\u00fcr effiziente Frachtabfertigung und -stapelung und verbessert die Lagereffizienz.\n            <\/div>\n<\/p><\/div>\n<div style=\"margin-bottom: 10px !important;\">\n            <strong>St\u00e4dtische Instandhaltung:<\/strong><\/p>\n<div style=\"padding-left: 20px !important;\">\n                Sein kompaktes Design macht es bequem f\u00fcr Reinigungs- und Wartungsarbeiten auf st\u00e4dtischen Stra\u00dfen und Wohngebieten und unterst\u00fctzt so ein effektives st\u00e4dtisches Management.\n            <\/div>\n<\/p><\/div>\n<div style=\"margin-bottom: 10px !important;\">\n            <strong>Umweltsanierung:<\/strong><\/p>\n<div style=\"padding-left: 20px !important;\">\n                Bei Umweltsanierungsprojekten f\u00fchrt der kleine Kompaktlader effizient Erdbewegungsarbeiten und die R\u00e4umung von M\u00fcll durch und tr\u00e4gt so zur Umweltverbesserung bei.\n            <\/div>\n<\/p><\/div>\n<\/p><\/div>\n<\/div>","protected":false},"excerpt":{"rendered":"<p><strong>Betriebsgewicht:<\/strong> 900 kg<\/p>\n<p><strong>Eimerkapazit\u00e4t:<\/strong> 0.12 m\u00b3<\/p>\n<p><strong>Nennleistung:<\/strong> 13.5 kW<\/p>","protected":false},"featured_media":5671,"comment_status":"open","ping_status":"closed","template":"","meta":{"_acf_changed":false,"_eb_attr":""},"product_brand":[],"product_cat":[30,33,117],"product_tag":[],"class_list":{"0":"post-5669","1":"product","2":"type-product","3":"status-publish","4":"has-post-thumbnail","6":"product_cat-all-products","7":"product_cat-loader","8":"product_cat-nakladac-s-riadenim","10":"first","11":"instock","12":"shipping-taxable","13":"product-type-simple"},"acf":[],"jetpack_sharing_enabled":true,"_links":{"self":[{"href":"https:\/\/aa7.sk\/de\/wp-json\/wp\/v2\/product\/5669","targetHints":{"allow":["GET"]}}],"collection":[{"href":"https:\/\/aa7.sk\/de\/wp-json\/wp\/v2\/product"}],"about":[{"href":"https:\/\/aa7.sk\/de\/wp-json\/wp\/v2\/types\/product"}],"replies":[{"embeddable":true,"href":"https:\/\/aa7.sk\/de\/wp-json\/wp\/v2\/comments?post=5669"}],"wp:featuredmedia":[{"embeddable":true,"href":"https:\/\/aa7.sk\/de\/wp-json\/wp\/v2\/media\/5671"}],"wp:attachment":[{"href":"https:\/\/aa7.sk\/de\/wp-json\/wp\/v2\/media?parent=5669"}],"wp:term":[{"taxonomy":"product_brand","embeddable":true,"href":"https:\/\/aa7.sk\/de\/wp-json\/wp\/v2\/product_brand?post=5669"},{"taxonomy":"product_cat","embeddable":true,"href":"https:\/\/aa7.sk\/de\/wp-json\/wp\/v2\/product_cat?post=5669"},{"taxonomy":"product_tag","embeddable":true,"href":"https:\/\/aa7.sk\/de\/wp-json\/wp\/v2\/product_tag?post=5669"}],"curies":[{"name":"wp","href":"https:\/\/api.w.org\/{rel}","templated":true}]}}

<div style="margin-bottom: 10px !important;">
        <b style="font-size: 16px !important; display: block; margin-bottom: 8px !important;">Anwendbarkeit:</b></p>
<div style="margin-bottom: 10px !important;">
            <strong>Baustellen:</strong></p>
<div style="padding-left: 20px !important;">
                Der kleine Kompaktlader kann sich flexibel an verschiedene betriebliche Anforderungen auf Baustellen anpassen und so die Gesamteffizienz steigern.
            </div>
</p></div>
<div style="margin-bottom: 10px !important;">
            <strong>Landwirtschaftlicher Sektor:</strong></p>
<div style="padding-left: 20px !important;">
                Geeignet für mehrere landwirtschaftliche Szenarien, einschließlich Materialhandhabung auf Bauernhöfen und Landangleichung, was zur landwirtschaftlichen Produktivität beiträgt.
            </div>
</p></div>
<div style="margin-bottom: 10px !important;">
            <strong>Lagerung und Logistik:</strong></p>
<div style="padding-left: 20px !important;">
                Das kompakte Design ermöglicht eine einfache Bewegung in Lagern und Logistikzentren für effiziente Frachtabfertigung und -stapelung und verbessert die Lagereffizienz.
            </div>
</p></div>
<div style="margin-bottom: 10px !important;">
            <strong>Städtische Instandhaltung:</strong></p>
<div style="padding-left: 20px !important;">
                Sein kompaktes Design macht es bequem für Reinigungs- und Wartungsarbeiten auf städtischen Straßen und Wohngebieten und unterstützt so ein effektives städtisches Management.
            </div>
</p></div>
<div style="margin-bottom: 10px !important;">
            <strong>Umweltsanierung:</strong></p>
<div style="padding-left: 20px !important;">
                Bei Umweltsanierungsprojekten führt der kleine Kompaktlader effizient Erdbewegungsarbeiten und die Räumung von Müll durch und trägt so zur Umweltverbesserung bei.
            </div>
</p></div>
</p></div>
</div>

<p><strong>Betriebsgewicht:</strong> 900 kg</p>
<p><strong>Eimerkapazität:</strong> 0.12 m³</p>
<p><strong>Nennleistung:</strong> 13.5 kW</p>
